{"id":55,"date":"2020-07-03T10:11:31","date_gmt":"2020-07-03T08:11:31","guid":{"rendered":"https:\/\/bureaudesfilles.com\/ludmilla-dabo-cie-volcano-song\/?post_type=portfolio&#038;p=55"},"modified":"2021-10-18T16:51:38","modified_gmt":"2021-10-18T14:51:38","slug":"my-body-is-a-cage-mon-corps-est-une-cage","status":"publish","type":"portfolio","link":"https:\/\/bureaudesfilles.com\/ludmilla-dabo-cie-libomna\/spectacles\/my-body-is-a-cage-mon-corps-est-une-cage\/","title":{"rendered":"My Body Is A Cage"},"content":{"rendered":"<div class=\"wpb-content-wrapper\"><p>[vc_row unlock_row_content=\u00a0\u00bbyes\u00a0\u00bb row_height_percent=\u00a0\u00bb50&Prime; override_padding=\u00a0\u00bbyes\u00a0\u00bb h_padding=\u00a0\u00bb0&Prime; top_padding=\u00a0\u00bb0&Prime; bottom_padding=\u00a0\u00bb0&Prime; overlay_alpha=\u00a0\u00bb50&Prime; equal_height=\u00a0\u00bbyes\u00a0\u00bb gutter_size=\u00a0\u00bb2&Prime; column_width_percent=\u00a0\u00bb100&Prime; shift_y=\u00a0\u00bb0&Prime; z_index=\u00a0\u00bb0&Prime; inverted_device_order=\u00a0\u00bbyes\u00a0\u00bb][vc_column column_width_percent=\u00a0\u00bb100&Prime; gutter_size=\u00a0\u00bb3&Prime; override_padding=\u00a0\u00bbyes\u00a0\u00bb column_padding=\u00a0\u00bb2&Prime; overlay_alpha=\u00a0\u00bb50&Prime; shift_x=\u00a0\u00bb0&Prime; shift_y=\u00a0\u00bb0&Prime; shift_y_down=\u00a0\u00bb0&Prime; z_index=\u00a0\u00bb0&Prime; medium_width=\u00a0\u00bb0&Prime; mobile_width=\u00a0\u00bb0&Prime; width=\u00a0\u00bb1\/2&Prime;][vc_column_text el_class=\u00a0\u00bbjusti\u00a0\u00bb]J\u2019ai la chance de pouvoir vivre de mon m\u00e9tier, de l\u2019avoir choisi, de m\u2019y \u00e9panouir pleinement et de travailler BEAUCOUP.<br \/>\nMais voil\u00e0 que ce BEAUCOUP, dont nous r\u00eavons tous lorsque nous sommes intermittents du spectacle me fait parfois d\u00e9faut\u00a0: crise d\u2019angoisse, blessure en sc\u00e8ne ou en r\u00e9p\u00e9tition, extinction de voix, crise d\u2019urticaire, \u00e9tats grippaux r\u00e9currents\u2026 malgr\u00e9 mon d\u00e9sir et mon \u00e9panouissement dans mes diverses activit\u00e9s, il m\u2019arrive de me retrouver dans des postures vuln\u00e9rables, et c\u2019est un effort de les d\u00e9passer.<\/p>\n<p>La fatigue fait surgir en moi un sentiment d\u2019emprisonnement, mais aussi d\u2019impuissance \u00e0 dire, \u00e0 partager ma d\u00e9faillance avec les autres. Alors je m\u2019interroge sur ce non-dit qui accompagne \u00e0 diverses \u00e9chelles les artistes et plus largement chacun de nous quotidiennement\u00a0:<\/p>\n<p>Pourquoi on n\u2019en parle pas\u00a0?<br \/>\nPourquoi regarder toujours comme un mal, le fait d\u2019\u00eatre parfois vuln\u00e9rable\u00a0?<br \/>\nPourquoi cette vuln\u00e9rabilit\u00e9 g\u00e9n\u00e8re chez l\u2019autre un sentiment de g\u00eane\u00a0pouvant aller jusqu\u2019\u00e0 la condescendance et le rejet\u00a0?<br \/>\nPourquoi ne pas accueillir ces mouvements int\u00e9rieurs d\u00e9licats avec plus de g\u00e9n\u00e9rosit\u00e9 pour soi et pour les autres\u00a0?<\/p>\n<p>&nbsp;<\/p>\n<p>Presse :<\/p>\n<p><a href=\"https:\/\/blogs.mediapart.fr\/guillaume-lasserre\/blog\/220921\/le-cabaret-des-epuisees\">M\u00e9diapart<\/a> : \u00a0\u00bb My Body is a Cage (&#8230;) c\u00e9l\u00e8bre la fatigue des corps en convoquant un univers de f\u00eate et envisage la fragilit\u00e9 autrement qu&rsquo;en d\u00e9faillance. \u00a0\u00bb<\/p>\n<p><a href=\"https:\/\/www.la-tempete.fr\/public_data\/download\/event\/1632306669\/my-body-teleramasortir..pdf\">T\u00e9l\u00e9rama Sortir<\/a> : \u00a0\u00bb Elle en met plein les mirettes, Ludmilla Dabo. \u00a0\u00bb<\/p>\n<p><a href=\"https:\/\/www.loeildolivier.fr\/2021\/09\/dans-les-coulisses-du-cabaret-de-ludmilla-dabo\/\">L&rsquo;\u0153il d&rsquo;Olivier<\/a> : \u00a0\u00bb Alors que la magie noctambule vampirise la salle, les mots viennent percuter la r\u00eaverie savamment concoct\u00e9e par\u00a0Ludmilla Dabo. \u00a0\u00bb<\/p>\n<p><a href=\"http:\/\/delacouraujardin.over-blog.com\/2021\/09\/my-body-is-a-cage.html\">De la cour au jardin<\/a> : \u00a0\u00bb Un remarquable et brillant spectacle \u00e9crit avec talent et passion, o\u00f9 le fond va disputer \u00e0 la forme en mati\u00e8re de totale r\u00e9ussite. \u00a0\u00bb<\/p>\n<p><a href=\"http:\/\/lacouleurdesplanches.com\/2021\/09\/13\/my-body-is-a-cage-de-ludmilla-dabo-au-theatre-de-la-tempete\/?fbclid=IwAR3_IzQ3v7aJPbFb4-J3KU2MZ7hDOsSW11zSxjBv4-Q6JCA7JQj6SPEn6qU\">La couleur des planches<\/a> : \u00a0\u00bb Un spectacle singulier sur l\u2019\u00e9reintement et la lassitude d\u2019un quotidien, sur le poids des corps exempts de toute fatigue. \u00ab\u00a0[\/vc_column_text][vc_separator sep_color=\u00a0\u00bbcolor-uydo\u00a0\u00bb][vc_column_text el_class=\u00a0\u00bbjusti\u00a0\u00bb]<\/p>\n<p class=\"p1\">Texte et mise en Sc\u00e8ne : <strong>Ludmilla DABO<\/strong><br \/>\nCollaboration artistique : <strong>Catherine HIRSCH<\/strong><br \/>\nAssistante \u00e0 la mise en sc\u00e8ne\u00a0: <strong>J\u00e9zabel d&rsquo;ALEXIS<\/strong><br \/>\nChor\u00e9graphie\u00a0: <strong>Mai ISHIWATA<\/strong><br \/>\nLumi\u00e8re : <strong>Kevin BRIARD assist\u00e9 de Zo\u00e9 DADA\u00a0<\/strong><\/p>\n<p>&nbsp;<\/p>\n<p><strong>AVEC\u00a0:<\/strong><br \/>\nAnne AGBADOU MASSON<br \/>\nAlvie BITEMO<br \/>\nLudmilla DABO<br \/>\nMalgorzata (Gosia) KASPRZYCKA<br \/>\nAleksandra PLAVSIC<\/p>\n<p>&nbsp;<\/p>\n<p>Cr\u00e9dit photo : J\u00e9r\u00e9my L\u00e9vy[\/vc_column_text][\/vc_column][vc_column column_width_percent=\u00a0\u00bb100&Prime; gutter_size=\u00a0\u00bb3&Prime; override_padding=\u00a0\u00bbyes\u00a0\u00bb column_padding=\u00a0\u00bb0&Prime; back_color=\u00a0\u00bbcolor-gyho\u00a0\u00bb overlay_alpha=\u00a0\u00bb50&Prime; shift_x=\u00a0\u00bb0&Prime; shift_y=\u00a0\u00bb0&Prime; shift_y_down=\u00a0\u00bb0&Prime; z_index=\u00a0\u00bb0&Prime; medium_width=\u00a0\u00bb0&Prime; mobile_width=\u00a0\u00bb0&Prime; width=\u00a0\u00bb1\/2&Prime;][vc_tabs el_class=\u00a0\u00bbborde\u00a0\u00bb][vc_tab title=\u00a0\u00bbDATES\u00a0\u00bb tab_id=\u00a0\u00bb1593694331-1-33&Prime;][vc_column_text]Du 10 septembre au 3 octobre 2021 au Th\u00e9\u00e2tre de la Temp\u00eate &#8211; Paris \/ <a href=\"https:\/\/www.la-tempete.fr\/saison\/2021-2022\/spectacles\/my-body-is-a-cage-652\">BILLETTERIE<\/a><\/p>\n<p>&gt; du mardi au samedi \u00e0 20h30, le dimanche \u00e0 16h30<\/p>\n<p>Du 13 au 16 octobre 2021 au Th\u00e9\u00e2tre de la Croix Rousse \u00e0 Lyon<\/p>\n<p>&gt; le 13 \u00e0 20h, le 14 \u00e0 19h30, le 15 \u00e0 20h, le 16 \u00e0 19h30<\/p>\n<p>Du 9 au 12 novembre \u00e0 la Com\u00e9die de Caen<\/p>\n<p>&gt; \u00e0 20h<\/p>\n<p>Les 4 et 5 f\u00e9vrier 2022 au Th\u00e9\u00e2tre de Villefranche<\/p>\n<p>&gt; \u00e0 21h<\/p>\n<p>Le 8 mars 2022 au Th\u00e9\u00e2tre Moli\u00e8re &#8211; S\u00e8te<\/p>\n<p>&gt; \u00e0 20h30[\/vc_column_text][\/vc_tab][vc_tab title=\u00a0\u00bbDOSSIER\u00a0\u00bb tab_id=\u00a0\u00bb1593694331-2-87&Prime;][vc_custom_heading heading_semantic=\u00a0\u00bbh4&Prime; text_size=\u00a0\u00bbh4&Prime;]T\u00e9l\u00e9charger[\/vc_custom_heading][vc_button button_color=\u00a0\u00bbaccent\u00a0\u00bb size=\u00a0\u00bbbtn-sm\u00a0\u00bb radius=\u00a0\u00bbbtn-round\u00a0\u00bb hover_fx=\u00a0\u00bboutlined\u00a0\u00bb border_width=\u00a0\u00bb0&Prime; link=\u00a0\u00bburl:https%3A%2F%2Fbureaudesfilles.com%2Fludmilla-dabo-cie-volcano-song%2Fwp-content%2Fuploads%2Fsites%2F3%2F2020%2F11%2FMy-Body-is-a-Cage-dossier-2020.pdf||target:%20_blank|\u00a0\u00bb]Dossier du Spectacle[\/vc_button][\/vc_tab][vc_tab gutter_size=\u00a0\u00bb2&Prime; column_padding=\u00a0\u00bb2&Prime; title=\u00a0\u00bbPRESSE\u00a0\u00bb tab_id=\u00a0\u00bb1632933024212-2-1&Prime;][vc_custom_heading heading_semantic=\u00a0\u00bbh4&Prime; text_size=\u00a0\u00bbh4&Prime;]T\u00e9l\u00e9charger[\/vc_custom_heading][vc_button button_color=\u00a0\u00bbaccent\u00a0\u00bb size=\u00a0\u00bbbtn-sm\u00a0\u00bb radius=\u00a0\u00bbbtn-round\u00a0\u00bb hover_fx=\u00a0\u00bboutlined\u00a0\u00bb border_width=\u00a0\u00bb0&Prime; link=\u00a0\u00bburl:https%3A%2F%2Fbureaudesfilles.com%2Fludmilla-dabo-cie-volcano-song%2Fwp-content%2Fuploads%2Fsites%2F3%2F2021%2F08%2FRevue-de-presse-My-Body-29-septembre-21.pdf|target:_blank\u00a0\u00bb]Revue de presse[\/vc_button][\/vc_tab][\/vc_tabs][vc_gallery el_id=\u00a0\u00bbgallery-176468&Prime; type=\u00a0\u00bbcarousel\u00a0\u00bb random=\u00a0\u00bbyes\u00a0\u00bb medias=\u00a0\u00bb276,260,270,259,257,249,268,269,271,274&Prime; carousel_lg=\u00a0\u00bb3&Prime; carousel_md=\u00a0\u00bb2&Prime; carousel_sm=\u00a0\u00bb1&Prime; thumb_size=\u00a0\u00bbfour-three\u00a0\u00bb gutter_size=\u00a0\u00bb0&Prime; carousel_interval=\u00a0\u00bb3000&Prime; carousel_navspeed=\u00a0\u00bb400&Prime; carousel_loop=\u00a0\u00bbyes\u00a0\u00bb carousel_nav=\u00a0\u00bbyes\u00a0\u00bb stage_padding=\u00a0\u00bb0&Prime; single_back_color=\u00a0\u00bbcolor-jevc\u00a0\u00bb single_overlay_opacity=\u00a0\u00bb37&Prime; single_padding=\u00a0\u00bb0&Prime;][vc_separator sep_color=\u00a0\u00bbcolor-lxmt\u00a0\u00bb el_height=\u00a0\u00bb5px\u00a0\u00bb][vc_column_text el_class=\u00a0\u00bbborde\u00a0\u00bb]<span style=\"color: #222222\"><span style=\"font-size: medium\">Coproduction : Compagnie Volcano Song, Com\u00e9die de Caen &#8211; CDN de Normandie, Th\u00e9\u00e2tre Moli\u00e8re S\u00e8te &#8211; Sc\u00e8ne nationale archipel de Thau, Th\u00e9\u00e2tre de Villefranche<\/span><\/span><\/p>\n<p><span style=\"color: #222222\"><span style=\"font-size: medium\">Avec le soutien de la DRAC Ile de France, de la R\u00e9gion Ile de France et du Th\u00e9\u00e2tre de la Croix Rousse \u00e0 Lyon, avec la participation artistique de l&rsquo;ENSATT.<\/span><\/span><\/p>\n<p><span style=\"color: #222222\"><span style=\"font-size: medium\">En cor\u00e9alisation avec le Th\u00e9\u00e2tre de la Temp\u00eate.<\/span><\/span>[\/vc_column_text][\/vc_column][\/vc_row]<\/p>\n<\/div>","protected":false},"excerpt":{"rendered":"<p>[vc_row unlock_row_content=\u00a0\u00bbyes\u00a0\u00bb row_height_percent=\u00a0\u00bb50&Prime; override_padding=\u00a0\u00bbyes\u00a0\u00bb h_padding=\u00a0\u00bb0&Prime; top_padding=\u00a0\u00bb0&Prime; bottom_padding=\u00a0\u00bb0&Prime; overlay_alpha=\u00a0\u00bb50&Prime; equal_height=\u00a0\u00bbyes\u00a0\u00bb gutter_size=\u00a0\u00bb2&Prime; column_width_percent=\u00a0\u00bb100&Prime; shift_y=\u00a0\u00bb0&Prime; z_index=\u00a0\u00bb0&Prime; inverted_device_order=\u00a0\u00bbyes\u00a0\u00bb][vc_column column_width_percent=\u00a0\u00bb100&Prime; gutter_size=\u00a0\u00bb3&Prime; override_padding=\u00a0\u00bbyes\u00a0\u00bb column_padding=\u00a0\u00bb2&Prime; overlay_alpha=\u00a0\u00bb50&Prime; shift_x=\u00a0\u00bb0&Prime; [&hellip;]<\/p>\n","protected":false},"author":1,"featured_media":260,"parent":0,"menu_order":6,"comment_status":"open","ping_status":"open","template":"","meta":{"footnotes":"","_links_to":"","_links_to_target":""},"portfolio_category":[],"class_list":["post-55","portfolio","type-portfolio","status-publish","has-post-thumbnail","hentry"],"_links":{"self":[{"href":"https:\/\/bureaudesfilles.com\/ludmilla-dabo-cie-libomna\/wp-json\/wp\/v2\/portfolio\/55","targetHints":{"allow":["GET"]}}],"collection":[{"href":"https:\/\/bureaudesfilles.com\/ludmilla-dabo-cie-libomna\/wp-json\/wp\/v2\/portfolio"}],"about":[{"href":"https:\/\/bureaudesfilles.com\/ludmilla-dabo-cie-libomna\/wp-json\/wp\/v2\/types\/portfolio"}],"author":[{"embeddable":true,"href":"https:\/\/bureaudesfilles.com\/ludmilla-dabo-cie-libomna\/wp-json\/wp\/v2\/users\/1"}],"replies":[{"embeddable":true,"href":"https:\/\/bureaudesfilles.com\/ludmilla-dabo-cie-libomna\/wp-json\/wp\/v2\/comments?post=55"}],"version-history":[{"count":24,"href":"https:\/\/bureaudesfilles.com\/ludmilla-dabo-cie-libomna\/wp-json\/wp\/v2\/portfolio\/55\/revisions"}],"predecessor-version":[{"id":289,"href":"https:\/\/bureaudesfilles.com\/ludmilla-dabo-cie-libomna\/wp-json\/wp\/v2\/portfolio\/55\/revisions\/289"}],"wp:featuredmedia":[{"embeddable":true,"href":"https:\/\/bureaudesfilles.com\/ludmilla-dabo-cie-libomna\/wp-json\/wp\/v2\/media\/260"}],"wp:attachment":[{"href":"https:\/\/bureaudesfilles.com\/ludmilla-dabo-cie-libomna\/wp-json\/wp\/v2\/media?parent=55"}],"wp:term":[{"taxonomy":"portfolio_category","embeddable":true,"href":"https:\/\/bureaudesfilles.com\/ludmilla-dabo-cie-libomna\/wp-json\/wp\/v2\/portfolio_category?post=55"}],"curies":[{"name":"wp","href":"https:\/\/api.w.org\/{rel}","templated":true}]}}

<div class="wpb-content-wrapper"><p>[vc_row unlock_row_content= »yes » row_height_percent= »50&Prime; override_padding= »yes » h_padding= »0&Prime; top_padding= »0&Prime; bottom_padding= »0&Prime; overlay_alpha= »50&Prime; equal_height= »yes » gutter_size= »2&Prime; column_width_percent= »100&Prime; shift_y= »0&Prime; z_index= »0&Prime; inverted_device_order= »yes »][vc_column column_width_percent= »100&Prime; gutter_size= »3&Prime; override_padding= »yes » column_padding= »2&Prime; overlay_alpha= »50&Prime; shift_x= »0&Prime; shift_y= »0&Prime; shift_y_down= »0&Prime; z_index= »0&Prime; medium_width= »0&Prime; mobile_width= »0&Prime; width= »1/2&Prime;][vc_column_text el_class= »justi »]J’ai la chance de pouvoir vivre de mon métier, de l’avoir choisi, de m’y épanouir pleinement et de travailler BEAUCOUP.<br />
Mais voilà que ce BEAUCOUP, dont nous rêvons tous lorsque nous sommes intermittents du spectacle me fait parfois défaut : crise d’angoisse, blessure en scène ou en répétition, extinction de voix, crise d’urticaire, états grippaux récurrents… malgré mon désir et mon épanouissement dans mes diverses activités, il m’arrive de me retrouver dans des postures vulnérables, et c’est un effort de les dépasser.</p>
<p>La fatigue fait surgir en moi un sentiment d’emprisonnement, mais aussi d’impuissance à dire, à partager ma défaillance avec les autres. Alors je m’interroge sur ce non-dit qui accompagne à diverses échelles les artistes et plus largement chacun de nous quotidiennement :</p>
<p>Pourquoi on n’en parle pas ?<br />
Pourquoi regarder toujours comme un mal, le fait d’être parfois vulnérable ?<br />
Pourquoi cette vulnérabilité génère chez l’autre un sentiment de gêne pouvant aller jusqu’à la condescendance et le rejet ?<br />
Pourquoi ne pas accueillir ces mouvements intérieurs délicats avec plus de générosité pour soi et pour les autres ?</p>
<p>&nbsp;</p>
<p>Presse :</p>
<p><a href="https://blogs.mediapart.fr/guillaume-lasserre/blog/220921/le-cabaret-des-epuisees">Médiapart</a> :  » My Body is a Cage (&#8230;) célèbre la fatigue des corps en convoquant un univers de fête et envisage la fragilité autrement qu&rsquo;en défaillance.  »</p>
<p><a href="https://www.la-tempete.fr/public_data/download/event/1632306669/my-body-teleramasortir..pdf">Télérama Sortir</a> :  » Elle en met plein les mirettes, Ludmilla Dabo.  »</p>
<p><a href="https://www.loeildolivier.fr/2021/09/dans-les-coulisses-du-cabaret-de-ludmilla-dabo/">L&rsquo;œil d&rsquo;Olivier</a> :  » Alors que la magie noctambule vampirise la salle, les mots viennent percuter la rêverie savamment concoctée par Ludmilla Dabo.  »</p>
<p><a href="http://delacouraujardin.over-blog.com/2021/09/my-body-is-a-cage.html">De la cour au jardin</a> :  » Un remarquable et brillant spectacle écrit avec talent et passion, où le fond va disputer à la forme en matière de totale réussite.  »</p>
<p><a href="http://lacouleurdesplanches.com/2021/09/13/my-body-is-a-cage-de-ludmilla-dabo-au-theatre-de-la-tempete/?fbclid=IwAR3_IzQ3v7aJPbFb4-J3KU2MZ7hDOsSW11zSxjBv4-Q6JCA7JQj6SPEn6qU">La couleur des planches</a> :  » Un spectacle singulier sur l’éreintement et la lassitude d’un quotidien, sur le poids des corps exempts de toute fatigue. « [/vc_column_text][vc_separator sep_color= »color-uydo »][vc_column_text el_class= »justi »]</p>
<p class="p1">Texte et mise en Scène : <strong>Ludmilla DABO</strong><br />
Collaboration artistique : <strong>Catherine HIRSCH</strong><br />
Assistante à la mise en scène : <strong>Jézabel d&rsquo;ALEXIS</strong><br />
Chorégraphie : <strong>Mai ISHIWATA</strong><br />
Lumière : <strong>Kevin BRIARD assisté de Zoé DADA </strong></p>
<p>&nbsp;</p>
<p><strong>AVEC :</strong><br />
Anne AGBADOU MASSON<br />
Alvie BITEMO<br />
Ludmilla DABO<br />
Malgorzata (Gosia) KASPRZYCKA<br />
Aleksandra PLAVSIC</p>
<p>&nbsp;</p>
<p>Crédit photo : Jérémy Lévy[/vc_column_text][/vc_column][vc_column column_width_percent= »100&Prime; gutter_size= »3&Prime; override_padding= »yes » column_padding= »0&Prime; back_color= »color-gyho » overlay_alpha= »50&Prime; shift_x= »0&Prime; shift_y= »0&Prime; shift_y_down= »0&Prime; z_index= »0&Prime; medium_width= »0&Prime; mobile_width= »0&Prime; width= »1/2&Prime;][vc_tabs el_class= »borde »][vc_tab title= »DATES » tab_id= »1593694331-1-33&Prime;][vc_column_text]Du 10 septembre au 3 octobre 2021 au Théâtre de la Tempête &#8211; Paris / <a href="https://www.la-tempete.fr/saison/2021-2022/spectacles/my-body-is-a-cage-652">BILLETTERIE</a></p>
<p>&gt; du mardi au samedi à 20h30, le dimanche à 16h30</p>
<p>Du 13 au 16 octobre 2021 au Théâtre de la Croix Rousse à Lyon</p>
<p>&gt; le 13 à 20h, le 14 à 19h30, le 15 à 20h, le 16 à 19h30</p>
<p>Du 9 au 12 novembre à la Comédie de Caen</p>
<p>&gt; à 20h</p>
<p>Les 4 et 5 février 2022 au Théâtre de Villefranche</p>
<p>&gt; à 21h</p>
<p>Le 8 mars 2022 au Théâtre Molière &#8211; Sète</p>
<p>&gt; à 20h30[/vc_column_text][/vc_tab][vc_tab title= »DOSSIER » tab_id= »1593694331-2-87&Prime;][vc_custom_heading heading_semantic= »h4&Prime; text_size= »h4&Prime;]Télécharger[/vc_custom_heading][vc_button button_color= »accent » size= »btn-sm » radius= »btn-round » hover_fx= »outlined » border_width= »0&Prime; link= »url:https%3A%2F%2Fbureaudesfilles.com%2Fludmilla-dabo-cie-volcano-song%2Fwp-content%2Fuploads%2Fsites%2F3%2F2020%2F11%2FMy-Body-is-a-Cage-dossier-2020.pdf||target:%20_blank| »]Dossier du Spectacle[/vc_button][/vc_tab][vc_tab gutter_size= »2&Prime; column_padding= »2&Prime; title= »PRESSE » tab_id= »1632933024212-2-1&Prime;][vc_custom_heading heading_semantic= »h4&Prime; text_size= »h4&Prime;]Télécharger[/vc_custom_heading][vc_button button_color= »accent » size= »btn-sm » radius= »btn-round » hover_fx= »outlined » border_width= »0&Prime; link= »url:https%3A%2F%2Fbureaudesfilles.com%2Fludmilla-dabo-cie-volcano-song%2Fwp-content%2Fuploads%2Fsites%2F3%2F2021%2F08%2FRevue-de-presse-My-Body-29-septembre-21.pdf|target:_blank »]Revue de presse[/vc_button][/vc_tab][/vc_tabs][vc_gallery el_id= »gallery-176468&Prime; type= »carousel » random= »yes » medias= »276,260,270,259,257,249,268,269,271,274&Prime; carousel_lg= »3&Prime; carousel_md= »2&Prime; carousel_sm= »1&Prime; thumb_size= »four-three » gutter_size= »0&Prime; carousel_interval= »3000&Prime; carousel_navspeed= »400&Prime; carousel_loop= »yes » carousel_nav= »yes » stage_padding= »0&Prime; single_back_color= »color-jevc » single_overlay_opacity= »37&Prime; single_padding= »0&Prime;][vc_separator sep_color= »color-lxmt » el_height= »5px »][vc_column_text el_class= »borde »]<span style="color: #222222"><span style="font-size: medium">Coproduction : Compagnie Volcano Song, Comédie de Caen &#8211; CDN de Normandie, Théâtre Molière Sète &#8211; Scène nationale archipel de Thau, Théâtre de Villefranche</span></span></p>
<p><span style="color: #222222"><span style="font-size: medium">Avec le soutien de la DRAC Ile de France, de la Région Ile de France et du Théâtre de la Croix Rousse à Lyon, avec la participation artistique de l&rsquo;ENSATT.</span></span></p>
<p><span style="color: #222222"><span style="font-size: medium">En coréalisation avec le Théâtre de la Tempête.</span></span>[/vc_column_text][/vc_column][/vc_row]</p>
</div>
