{"id":467,"date":"2023-01-20T15:15:15","date_gmt":"2023-01-20T14:15:15","guid":{"rendered":"https:\/\/bureaudesfilles.com\/cie-beina-sarah-m\/?post_type=portfolio&#038;p=467"},"modified":"2023-12-08T14:26:46","modified_gmt":"2023-12-08T13:26:46","slug":"amnesia","status":"publish","type":"portfolio","link":"https:\/\/bureaudesfilles.com\/cie-beina-sarah-m\/spectacles\/amnesia\/","title":{"rendered":"AMNESIA"},"content":{"rendered":"<div class=\"wpb-content-wrapper\"><p>[vc_row unlock_row_content=\u00a0\u00bbyes\u00a0\u00bb row_height_percent=\u00a0\u00bb50&Prime; override_padding=\u00a0\u00bbyes\u00a0\u00bb h_padding=\u00a0\u00bb0&Prime; top_padding=\u00a0\u00bb0&Prime; bottom_padding=\u00a0\u00bb0&Prime; overlay_alpha=\u00a0\u00bb50&Prime; equal_height=\u00a0\u00bbyes\u00a0\u00bb gutter_size=\u00a0\u00bb4&Prime; column_width_percent=\u00a0\u00bb100&Prime; shift_y=\u00a0\u00bb0&Prime; z_index=\u00a0\u00bb0&Prime; uncode_shortcode_id=\u00a0\u00bb136722&Prime;][vc_column column_width_percent=\u00a0\u00bb100&Prime; gutter_size=\u00a0\u00bb3&Prime; override_padding=\u00a0\u00bbyes\u00a0\u00bb column_padding=\u00a0\u00bb2&Prime; overlay_alpha=\u00a0\u00bb50&Prime; shift_x=\u00a0\u00bb0&Prime; shift_y=\u00a0\u00bb0&Prime; shift_y_down=\u00a0\u00bb0&Prime; z_index=\u00a0\u00bb0&Prime; medium_width=\u00a0\u00bb0&Prime; mobile_width=\u00a0\u00bb0&Prime; width=\u00a0\u00bb1\/2&Prime; uncode_shortcode_id=\u00a0\u00bb496074&Prime;][vc_column_text el_class=\u00a0\u00bbjusti\u00a0\u00bb uncode_shortcode_id=\u00a0\u00bb647126&Prime;]<strong>CR\u00c9ATION \/ 2023<\/strong><\/p>\n<p>\u00ab\u00a0Comment le pouvoir peut-il entamer l\u2019humanit\u00e9 de celui qui l\u2019exerce ? C\u2019est une \u00e9nigme bien shakespearienne qui traverse la nouvelle fiction &#8211; troisi\u00e8me du cycle \u2013 de Sarah M. Trois amis d\u2019enfance en sont les protagonistes. Devenus rivaux, peuvent-ils \u00e9chapper \u00e0 la fatalit\u00e9 vengeresse inh\u00e9rente au pouvoir ? Loin des images fig\u00e9es et des croyances limitantes, c\u2019est \u00e0 travers une fable des plus baroques que l\u2019autrice et metteuse en sc\u00e8ne raconte comment se tissent les liens de domination dans le cercle du monarque. Dans certains lieux du monde, l\u2019exercice du pouvoir, insidieusement toxique, d\u00e9clencherait de folles passions. De celles qui cr\u00e9ent des monstres aux mains caressantes, au sourire diplomatique, de celles qui ensevelissent toute parole \u00e9chapp\u00e9e, qui forcent les corps \u00e0 mains nues.<br \/>\nPar le d\u00e9tour de la fable, Sarah M. donne \u00e0 ressentir toute la f\u00e9rocit\u00e9 de ces jeux d\u2019emprise, de ces chausse-trappes bien r\u00e9els qui ont cours derri\u00e8re les portes du palais. Dans un d\u00e9cor oriental, le voyage promet d\u2019\u00eatre visuel, sensuel, olfactif. \u00c0 peine voil\u00e9s par le moucharabieh, on devine d\u00e9j\u00e0 les mensonges, les trahisons, les crimes d\u2019\u00c9tat \u2026 Et si comme dans l\u2019enfance, on regardait les fant\u00f4mes bien dans les yeux, pour les d\u00e9fier et pour se lib\u00e9rer enfin de la peur.\u00a0\u00bb<\/p>\n<p style=\"text-align: right\">par Cl\u00e9mence Bouzitat &#8211; secr\u00e9taire g\u00e9n\u00e9rale et programmatrice de La Temp\u00eate<\/p>\n<p><strong>Intentions<\/strong><br \/>\n\u00ab\u00a0Il est, dans certains lieux du monde, des r\u00e9gimes si \u00e9pris d\u2019eux-m\u00eames que toute parole \u00e9chapp\u00e9e est aussit\u00f4t ensevelie.<\/p>\n<p>Nous sommes venus dire<br \/>\nsous l\u2019apparat de la fable<br \/>\nla violence du pouvoir<br \/>\nqui force les corps \u00e0 mains nues<br \/>\npour y \u00e9treindre toute puissance qui lui \u00e9chappe.<\/p>\n<p>Notre fable provoque l\u2019histoire en duel.<br \/>\nElle embrasse la peur, celles et ceux qui la subissent, celles et ceux qui l\u2019inspirent, celles et ceux qui la d\u00e9fient. Le pouvoir, l\u2019horreur, l\u2019ardeur et l\u2019espoir.<br \/>\nNous souhaitons jouer avec les outils que nous offre le th\u00e9\u00e2tre pour mettre en sc\u00e8ne la f\u00e9rocit\u00e9 du L\u00e9viathan derri\u00e8re la s\u00e9duction d\u2019un sourire diplomatique et la d\u00e9licatesse d\u2019un costume soyeux ; sonder la fascination qu\u2019exerce le pouvoir, surtout quand il se drape dans l\u2019apparat des traditions les plus ancestrales.<\/p>\n<p>Derri\u00e8re les portes du palais, nous rencontrons la solitude d\u2019un monarque, aveugl\u00e9 par ce qu\u2019il doit incarner, et qui ne voit autour de lui qu\u2019opprobre et trahison ; la folie d&rsquo;un g\u00e9n\u00e9ral pr\u00eat \u00e0 tout pour servir l\u2019homme \u00e0 qui il a pr\u00eat\u00e9 all\u00e9geance ; l\u2019impatience d\u2019un militant oeuvrant\u00a0\u00e0 chaque heure du jour et de la nuit pour sortir son pays de la f\u00e9odalit\u00e9.<\/p>\n<p>Cette fable raconte le destin tragique de ces trois amis transform\u00e9s en rivaux et la violence d\u2019une vengeance qui se d\u00e9verse sur l\u2019amour et l\u2019enfance.<\/p>\n<p>&nbsp;<\/p>\n<p>Et puis bien s\u00fbr il y aura des trahisons, un ou deux coups d\u2019\u00c9tat et m\u00eame, m\u00eame de l\u2019amour.\u00a0\u00bb<\/p>\n<p style=\"text-align: right\">Sarah M.<\/p>\n<p><strong>Cr\u00e9ation<\/strong> le 20 avril 2023 au Collectif 12<\/p>\n<p>\u00a9 Camille Bordet-Sturla (pour l\u2019illustration)[\/vc_column_text][vc_column_text el_class=\u00a0\u00bbjusti\u00a0\u00bb uncode_shortcode_id=\u00a0\u00bb402344&Prime;]<strong>L\u2019\u00c9QUIPE<\/strong><\/p>\n<p><strong>\u00c9criture et mise en sc\u00e8ne Sarah M.<\/strong><br \/>\nAvec <strong>Julien Breda, Hnia El Amrani, Hayet Darwich, Sofiane Bennani, H\u00e9di Tillette de Clermont Tonnerre<\/strong><br \/>\nDramaturgie <strong>Zelda Bourquin<\/strong><br \/>\nSc\u00e9nographie <strong>Salma Bordes<\/strong><br \/>\nLumi\u00e8res <strong>Guillaume Tesson<\/strong><br \/>\nSon <strong>Martin Poncet<\/strong><br \/>\nCostumes<strong> L\u00e9a Gadbois Lamer<\/strong><br \/>\nTraduction <strong>Yto Regragui, et Mina Rachid<\/strong><\/p>\n<p>Production <strong>V\u00e9ronique Felenbok | Le Bureau des filles<\/strong><br \/>\nAdministration <strong>Marie Pon\u00e7on<\/strong><br \/>\nDiffusion <strong>Christelle Lechat<\/strong><br \/>\nPresse <strong>Pascal Zelcer<\/strong>[\/vc_column_text][vc_separator sep_color=\u00a0\u00bbcolor-uydo\u00a0\u00bb][vc_column_text el_class=\u00a0\u00bbjusti\u00a0\u00bb uncode_shortcode_id=\u00a0\u00bb138839&Prime;]<strong>Production<\/strong> Compagnie Be\u00efna | Le Bureau des Filles<br \/>\n<strong>Coproduction<\/strong> Le Th\u00e9\u00e2tre des Quartiers d\u2019Ivry &#8211; CDN du Val de Marne, le Collectif 12, le Studio Th\u00e9\u00e2tre de Stains, l\u2019Archipel &#8211; sc\u00e8ne conventionn\u00e9e de Granville<br \/>\n<strong>Soutiens<\/strong> La Chartreuse de Villeneuve lez Avignon \u2013 Centre national des \u00e9critures du spectacle, Les Plateaux Sauvages, la DRAC Ile de France, le FAAR, la DGCA et avec le soutien en r\u00e9sidence du Th\u00e9\u00e2tre G\u00e9rard Philippe &#8211; CDN de Saint-Denis.<br \/>\n<strong>En cor\u00e9alisation<\/strong> avec le Th\u00e9\u00e2tre de la Temp\u00eate.[\/vc_column_text][\/vc_column][vc_column column_width_percent=\u00a0\u00bb100&Prime; align_horizontal=\u00a0\u00bbalign_center\u00a0\u00bb gutter_size=\u00a0\u00bb3&Prime; override_padding=\u00a0\u00bbyes\u00a0\u00bb column_padding=\u00a0\u00bb2&Prime; back_color=\u00a0\u00bbcolor-gyho\u00a0\u00bb overlay_alpha=\u00a0\u00bb50&Prime; shift_x=\u00a0\u00bb0&Prime; shift_y=\u00a0\u00bb0&Prime; shift_y_down=\u00a0\u00bb0&Prime; z_index=\u00a0\u00bb0&Prime; medium_width=\u00a0\u00bb0&Prime; mobile_width=\u00a0\u00bb0&Prime; width=\u00a0\u00bb1\/2&Prime; uncode_shortcode_id=\u00a0\u00bb167937&Prime; back_color_type=\u00a0\u00bbuncode-palette\u00a0\u00bb][vc_tabs][vc_tab gutter_size=\u00a0\u00bb2&Prime; column_padding=\u00a0\u00bb2&Prime; title=\u00a0\u00bbDATES\u00a0\u00bb tab_id=\u00a0\u00bb1593694331-1-335284-1dd3&Prime;][vc_column_text uncode_shortcode_id=\u00a0\u00bb969319&Prime;]<\/p>\n<ul>\n<li style=\"text-align: left\">le 8 d\u00e9cembre \u00e0 20h, au Studio Th\u00e9\u00e2tre de Stains \/ <a href=\"https:\/\/www.studiotheatrestains.fr\/newsite\/saison-2023-2024\/\">Saison 2023\/2024 | Studio Th\u00e9\u00e2tre de Stains (studiotheatrestains.fr)<\/a><\/li>\n<li style=\"text-align: left\">le 12 d\u00e9cembre \u00e0 20h30, au th\u00e9\u00e2tre de l&rsquo;Archipel \u00e0 Granville \/ <a href=\"https:\/\/www.archipel-granville.fr\/spectacle\/amnesia\/\">Amnesia &#8211; Archipel (archipel-granville.fr)<\/a><\/li>\n<li>le 19 d\u00e9cembre \u00e0 19h30, au th\u00e9\u00e2tre du Safran, sc\u00e8ne conventionn\u00e9e d&rsquo;Amiens M\u00e9tropole \/ <a href=\"https:\/\/www.amiens-tourisme.com\/theatre-amnesia\/amiens\/fmapic080v516962\">Th\u00e9\u00e2tre : Amnesia | AMIENS | (amiens-tourisme.com)<\/a><\/li>\n<\/ul>\n<p>[\/vc_column_text][\/vc_tab][vc_tab title=\u00a0\u00bbDOSSIER\u00a0\u00bb tab_id=\u00a0\u00bb1593694331-2-875284-1dd3&Prime;][vc_custom_heading heading_semantic=\u00a0\u00bbh4&Prime; text_size=\u00a0\u00bbh4&Prime;]T\u00e9l\u00e9charger[\/vc_custom_heading][vc_button button_color=\u00a0\u00bbaccent\u00a0\u00bb size=\u00a0\u00bbbtn-sm\u00a0\u00bb radius=\u00a0\u00bbbtn-round\u00a0\u00bb hover_fx=\u00a0\u00bboutlined\u00a0\u00bb border_width=\u00a0\u00bb0&Prime; link=\u00a0\u00bburl:https%3A%2F%2Fbureaudesfilles.com%2Fcie-beina-sarah-m%2Fwp-content%2Fuploads%2Fsites%2F10%2F2023%2F04%2FAMNESIA-DA.-SARAH-M-03_23_compressed.pdf|target:_blank\u00a0\u00bb button_color_type=\u00a0\u00bbuncode-palette\u00a0\u00bb uncode_shortcode_id=\u00a0\u00bb101091&Prime;]Dossier du Spectacle[\/vc_button][\/vc_tab][\/vc_tabs][vc_single_image media=\u00a0\u00bb609&Prime; media_width_percent=\u00a0\u00bb100&Prime; uncode_shortcode_id=\u00a0\u00bb470388&Prime;][vc_single_image media=\u00a0\u00bb471&Prime; media_lightbox=\u00a0\u00bbyes\u00a0\u00bb media_poster=\u00a0\u00bbyes\u00a0\u00bb media_width_percent=\u00a0\u00bb100&Prime; uncode_shortcode_id=\u00a0\u00bb384934&Prime;][\/vc_column][\/vc_row]<\/p>\n<\/div>","protected":false},"excerpt":{"rendered":"<p>texte et mise en sc\u00e8ne Sarah M.<\/p>\n","protected":false},"author":1,"featured_media":599,"parent":0,"menu_order":10,"comment_status":"closed","ping_status":"open","template":"","meta":{"footnotes":"","_links_to":"","_links_to_target":""},"portfolio_category":[],"class_list":["post-467","portfolio","type-portfolio","status-publish","has-post-thumbnail","hentry"],"_links":{"self":[{"href":"https:\/\/bureaudesfilles.com\/cie-beina-sarah-m\/wp-json\/wp\/v2\/portfolio\/467","targetHints":{"allow":["GET"]}}],"collection":[{"href":"https:\/\/bureaudesfilles.com\/cie-beina-sarah-m\/wp-json\/wp\/v2\/portfolio"}],"about":[{"href":"https:\/\/bureaudesfilles.com\/cie-beina-sarah-m\/wp-json\/wp\/v2\/types\/portfolio"}],"author":[{"embeddable":true,"href":"https:\/\/bureaudesfilles.com\/cie-beina-sarah-m\/wp-json\/wp\/v2\/users\/1"}],"replies":[{"embeddable":true,"href":"https:\/\/bureaudesfilles.com\/cie-beina-sarah-m\/wp-json\/wp\/v2\/comments?post=467"}],"version-history":[{"count":15,"href":"https:\/\/bureaudesfilles.com\/cie-beina-sarah-m\/wp-json\/wp\/v2\/portfolio\/467\/revisions"}],"predecessor-version":[{"id":611,"href":"https:\/\/bureaudesfilles.com\/cie-beina-sarah-m\/wp-json\/wp\/v2\/portfolio\/467\/revisions\/611"}],"wp:featuredmedia":[{"embeddable":true,"href":"https:\/\/bureaudesfilles.com\/cie-beina-sarah-m\/wp-json\/wp\/v2\/media\/599"}],"wp:attachment":[{"href":"https:\/\/bureaudesfilles.com\/cie-beina-sarah-m\/wp-json\/wp\/v2\/media?parent=467"}],"wp:term":[{"taxonomy":"portfolio_category","embeddable":true,"href":"https:\/\/bureaudesfilles.com\/cie-beina-sarah-m\/wp-json\/wp\/v2\/portfolio_category?post=467"}],"curies":[{"name":"wp","href":"https:\/\/api.w.org\/{rel}","templated":true}]}}

<div class="wpb-content-wrapper"><p>[vc_row unlock_row_content= »yes » row_height_percent= »50&Prime; override_padding= »yes » h_padding= »0&Prime; top_padding= »0&Prime; bottom_padding= »0&Prime; overlay_alpha= »50&Prime; equal_height= »yes » gutter_size= »4&Prime; column_width_percent= »100&Prime; shift_y= »0&Prime; z_index= »0&Prime; uncode_shortcode_id= »136722&Prime;][vc_column column_width_percent= »100&Prime; gutter_size= »3&Prime; override_padding= »yes » column_padding= »2&Prime; overlay_alpha= »50&Prime; shift_x= »0&Prime; shift_y= »0&Prime; shift_y_down= »0&Prime; z_index= »0&Prime; medium_width= »0&Prime; mobile_width= »0&Prime; width= »1/2&Prime; uncode_shortcode_id= »496074&Prime;][vc_column_text el_class= »justi » uncode_shortcode_id= »647126&Prime;]<strong>CRÉATION / 2023</strong></p>
<p>« Comment le pouvoir peut-il entamer l’humanité de celui qui l’exerce ? C’est une énigme bien shakespearienne qui traverse la nouvelle fiction &#8211; troisième du cycle – de Sarah M. Trois amis d’enfance en sont les protagonistes. Devenus rivaux, peuvent-ils échapper à la fatalité vengeresse inhérente au pouvoir ? Loin des images figées et des croyances limitantes, c’est à travers une fable des plus baroques que l’autrice et metteuse en scène raconte comment se tissent les liens de domination dans le cercle du monarque. Dans certains lieux du monde, l’exercice du pouvoir, insidieusement toxique, déclencherait de folles passions. De celles qui créent des monstres aux mains caressantes, au sourire diplomatique, de celles qui ensevelissent toute parole échappée, qui forcent les corps à mains nues.<br />
Par le détour de la fable, Sarah M. donne à ressentir toute la férocité de ces jeux d’emprise, de ces chausse-trappes bien réels qui ont cours derrière les portes du palais. Dans un décor oriental, le voyage promet d’être visuel, sensuel, olfactif. À peine voilés par le moucharabieh, on devine déjà les mensonges, les trahisons, les crimes d’État … Et si comme dans l’enfance, on regardait les fantômes bien dans les yeux, pour les défier et pour se libérer enfin de la peur. »</p>
<p style="text-align: right">par Clémence Bouzitat &#8211; secrétaire générale et programmatrice de La Tempête</p>
<p><strong>Intentions</strong><br />
« Il est, dans certains lieux du monde, des régimes si épris d’eux-mêmes que toute parole échappée est aussitôt ensevelie.</p>
<p>Nous sommes venus dire<br />
sous l’apparat de la fable<br />
la violence du pouvoir<br />
qui force les corps à mains nues<br />
pour y étreindre toute puissance qui lui échappe.</p>
<p>Notre fable provoque l’histoire en duel.<br />
Elle embrasse la peur, celles et ceux qui la subissent, celles et ceux qui l’inspirent, celles et ceux qui la défient. Le pouvoir, l’horreur, l’ardeur et l’espoir.<br />
Nous souhaitons jouer avec les outils que nous offre le théâtre pour mettre en scène la férocité du Léviathan derrière la séduction d’un sourire diplomatique et la délicatesse d’un costume soyeux ; sonder la fascination qu’exerce le pouvoir, surtout quand il se drape dans l’apparat des traditions les plus ancestrales.</p>
<p>Derrière les portes du palais, nous rencontrons la solitude d’un monarque, aveuglé par ce qu’il doit incarner, et qui ne voit autour de lui qu’opprobre et trahison ; la folie d&rsquo;un général prêt à tout pour servir l’homme à qui il a prêté allégeance ; l’impatience d’un militant oeuvrant à chaque heure du jour et de la nuit pour sortir son pays de la féodalité.</p>
<p>Cette fable raconte le destin tragique de ces trois amis transformés en rivaux et la violence d’une vengeance qui se déverse sur l’amour et l’enfance.</p>
<p>&nbsp;</p>
<p>Et puis bien sûr il y aura des trahisons, un ou deux coups d’État et même, même de l’amour. »</p>
<p style="text-align: right">Sarah M.</p>
<p><strong>Création</strong> le 20 avril 2023 au Collectif 12</p>
<p>© Camille Bordet-Sturla (pour l’illustration)[/vc_column_text][vc_column_text el_class= »justi » uncode_shortcode_id= »402344&Prime;]<strong>L’ÉQUIPE</strong></p>
<p><strong>Écriture et mise en scène Sarah M.</strong><br />
Avec <strong>Julien Breda, Hnia El Amrani, Hayet Darwich, Sofiane Bennani, Hédi Tillette de Clermont Tonnerre</strong><br />
Dramaturgie <strong>Zelda Bourquin</strong><br />
Scénographie <strong>Salma Bordes</strong><br />
Lumières <strong>Guillaume Tesson</strong><br />
Son <strong>Martin Poncet</strong><br />
Costumes<strong> Léa Gadbois Lamer</strong><br />
Traduction <strong>Yto Regragui, et Mina Rachid</strong></p>
<p>Production <strong>Véronique Felenbok | Le Bureau des filles</strong><br />
Administration <strong>Marie Ponçon</strong><br />
Diffusion <strong>Christelle Lechat</strong><br />
Presse <strong>Pascal Zelcer</strong>[/vc_column_text][vc_separator sep_color= »color-uydo »][vc_column_text el_class= »justi » uncode_shortcode_id= »138839&Prime;]<strong>Production</strong> Compagnie Beïna | Le Bureau des Filles<br />
<strong>Coproduction</strong> Le Théâtre des Quartiers d’Ivry &#8211; CDN du Val de Marne, le Collectif 12, le Studio Théâtre de Stains, l’Archipel &#8211; scène conventionnée de Granville<br />
<strong>Soutiens</strong> La Chartreuse de Villeneuve lez Avignon – Centre national des écritures du spectacle, Les Plateaux Sauvages, la DRAC Ile de France, le FAAR, la DGCA et avec le soutien en résidence du Théâtre Gérard Philippe &#8211; CDN de Saint-Denis.<br />
<strong>En coréalisation</strong> avec le Théâtre de la Tempête.[/vc_column_text][/vc_column][vc_column column_width_percent= »100&Prime; align_horizontal= »align_center » gutter_size= »3&Prime; override_padding= »yes » column_padding= »2&Prime; back_color= »color-gyho » overlay_alpha= »50&Prime; shift_x= »0&Prime; shift_y= »0&Prime; shift_y_down= »0&Prime; z_index= »0&Prime; medium_width= »0&Prime; mobile_width= »0&Prime; width= »1/2&Prime; uncode_shortcode_id= »167937&Prime; back_color_type= »uncode-palette »][vc_tabs][vc_tab gutter_size= »2&Prime; column_padding= »2&Prime; title= »DATES » tab_id= »1593694331-1-335284-1dd3&Prime;][vc_column_text uncode_shortcode_id= »969319&Prime;]</p>
<ul>
<li style="text-align: left">le 8 décembre à 20h, au Studio Théâtre de Stains / <a href="https://www.studiotheatrestains.fr/newsite/saison-2023-2024/">Saison 2023/2024 | Studio Théâtre de Stains (studiotheatrestains.fr)</a></li>
<li style="text-align: left">le 12 décembre à 20h30, au théâtre de l&rsquo;Archipel à Granville / <a href="https://www.archipel-granville.fr/spectacle/amnesia/">Amnesia &#8211; Archipel (archipel-granville.fr)</a></li>
<li>le 19 décembre à 19h30, au théâtre du Safran, scène conventionnée d&rsquo;Amiens Métropole / <a href="https://www.amiens-tourisme.com/theatre-amnesia/amiens/fmapic080v516962">Théâtre : Amnesia | AMIENS | (amiens-tourisme.com)</a></li>
</ul>
<p>[/vc_column_text][/vc_tab][vc_tab title= »DOSSIER » tab_id= »1593694331-2-875284-1dd3&Prime;][vc_custom_heading heading_semantic= »h4&Prime; text_size= »h4&Prime;]Télécharger[/vc_custom_heading][vc_button button_color= »accent » size= »btn-sm » radius= »btn-round » hover_fx= »outlined » border_width= »0&Prime; link= »url:https%3A%2F%2Fbureaudesfilles.com%2Fcie-beina-sarah-m%2Fwp-content%2Fuploads%2Fsites%2F10%2F2023%2F04%2FAMNESIA-DA.-SARAH-M-03_23_compressed.pdf|target:_blank » button_color_type= »uncode-palette » uncode_shortcode_id= »101091&Prime;]Dossier du Spectacle[/vc_button][/vc_tab][/vc_tabs][vc_single_image media= »609&Prime; media_width_percent= »100&Prime; uncode_shortcode_id= »470388&Prime;][vc_single_image media= »471&Prime; media_lightbox= »yes » media_poster= »yes » media_width_percent= »100&Prime; uncode_shortcode_id= »384934&Prime;][/vc_column][/vc_row]</p>
</div>

<p>texte et mise en scène Sarah M.</p>
