{"id":443,"date":"2023-01-20T14:59:17","date_gmt":"2023-01-20T13:59:17","guid":{"rendered":"https:\/\/bureaudesfilles.com\/cie-beina-sarah-m\/?post_type=portfolio&#038;p=443"},"modified":"2023-02-08T12:21:41","modified_gmt":"2023-02-08T11:21:41","slug":"notre-sang-na-pas-lodeur-du-jasmin","status":"publish","type":"portfolio","link":"https:\/\/bureaudesfilles.com\/cie-beina-sarah-m\/spectacles\/notre-sang-na-pas-lodeur-du-jasmin\/","title":{"rendered":"NOTRE SANG N\u2019A PAS L\u2019ODEUR DU JASMIN"},"content":{"rendered":"<div class=\"wpb-content-wrapper\"><p>[vc_row unlock_row_content=\u00a0\u00bbyes\u00a0\u00bb row_height_percent=\u00a0\u00bb50&Prime; override_padding=\u00a0\u00bbyes\u00a0\u00bb h_padding=\u00a0\u00bb0&Prime; top_padding=\u00a0\u00bb0&Prime; bottom_padding=\u00a0\u00bb0&Prime; overlay_alpha=\u00a0\u00bb50&Prime; equal_height=\u00a0\u00bbyes\u00a0\u00bb gutter_size=\u00a0\u00bb4&Prime; column_width_percent=\u00a0\u00bb100&Prime; shift_y=\u00a0\u00bb0&Prime; z_index=\u00a0\u00bb0&Prime; uncode_shortcode_id=\u00a0\u00bb982596&Prime;][vc_column column_width_percent=\u00a0\u00bb100&Prime; gutter_size=\u00a0\u00bb3&Prime; override_padding=\u00a0\u00bbyes\u00a0\u00bb column_padding=\u00a0\u00bb2&Prime; overlay_alpha=\u00a0\u00bb50&Prime; shift_x=\u00a0\u00bb0&Prime; shift_y=\u00a0\u00bb0&Prime; shift_y_down=\u00a0\u00bb0&Prime; z_index=\u00a0\u00bb0&Prime; medium_width=\u00a0\u00bb0&Prime; mobile_width=\u00a0\u00bb0&Prime; width=\u00a0\u00bb1\/2&Prime; uncode_shortcode_id=\u00a0\u00bb145095&Prime;][vc_column_text el_class=\u00a0\u00bbjusti\u00a0\u00bb uncode_shortcode_id=\u00a0\u00bb150647&Prime;]<\/p>\n<p style=\"text-align: left;\"><strong>CR\u00c9ATION \/ 2020<\/strong><\/p>\n<p>C\u2019est le r\u00e9cit d\u2019une initiation : celle d\u2019une jeune journaliste, Salwa, d\u00e9sertant sa vie parisienne pour couvrir les soul\u00e8vements en Tunisie connus sous le nom de\u00a0\u00a0\u00ab r\u00e9volution de jasmin \u00bb.<br \/>\nHapp\u00e9e par le d\u00e9sir d&rsquo;\u00eatre au coeur de l&rsquo;Histoire, elle se lie \u00e0 de jeunes militant.e.s et d\u00e9couvre la violence du cadre dans lequel on voudrait les maintenir.<br \/>\nElle \u00e9crit, interroge, photographie, publie pour cr\u00e9er un pont entre ses deux pays.<br \/>\nSon travail journalistique va rapidement s\u2019ouvrir, \u00e0 son insu, sur une qu\u00eate plus personnelle, celle d\u2019un h\u00e9ritage perdu. Son p\u00e8re meurt. Elle accompagne la transformation du pays dans lequel il est n\u00e9.<\/p>\n<p>\u00c0 quel engagement m\u00e8ne la mise en r\u00e9cit du monde ?<\/p>\n<p>\u00ab\u00a0L\u2019\u00e9criture de ce spectacle r\u00e9pond \u00e0 la n\u00e9cessit\u00e9 de se saisir de cette question : \u00c0 quel engagement m\u00e8ne la mise en r\u00e9cit du monde ? Elle est au c\u0153ur de l\u2019\u00e9criture. Au c\u0153ur de la fable, aussi.<\/p>\n<p>Le travail d\u2019\u00e9criture a engag\u00e9 de nombreuses rencontres en France et en Tunisie : des journalistes, des chercheurs, des \u00e9tudiants, des militants de diff\u00e9rentes r\u00e9gions, de diff\u00e9rents milieux.<\/p>\n<p>Il s\u2019agissait de recueillir les d\u00e9bats qui animaient alors les militants au sein des syndicats et de chercher, dans la vague r\u00e9volutionnaire, des histoires singuli\u00e8res. Si les manifestants de la capitale et des r\u00e9gions d\u00e9sh\u00e9rit\u00e9es de Kasserine ou Gafsa scandaient les m\u00eames slogans, tous n\u2019\u00e9taient pas en prise avec les m\u00eames enjeux.<\/p>\n<p>Mais au-del\u00e0 du travail de recherches, le propos de la pi\u00e8ce n\u2019est pas de restituer des \u00e9v\u00e9nements, mais de reprendre le souffle, l\u2019\u00e9nergie transformatrice qui s\u2019est empar\u00e9e de tout un pays pour nous redonner des puissances ici, aujourd\u2019hui.\u00a0\u00bb<\/p>\n<p style=\"text-align: right;\">Sarah M.<\/p>\n<p><em>Apr\u00e8s Du sable et des Playmobil\u00ae &#8211; fragment d\u2019une guerre d\u2019Alg\u00e9rie, Notre sang n\u2019a pas l\u2019odeur du jasmin est le deuxi\u00e8me volet d\u2019un cycle de recherche initi\u00e9 par Sarah M. et sa compagnie sur la rencontre entre nos histoires singuli\u00e8res et la grande Histoire de part et d\u2019autre de la M\u00e9diterran\u00e9e.<\/em>[\/vc_column_text][vc_column_text el_class=\u00a0\u00bbjusti\u00a0\u00bb uncode_shortcode_id=\u00a0\u00bb137767&Prime;]<\/p>\n<p class=\"p1\"><strong>Une cr\u00e9ation \u00e9crite et mise en sc\u00e8ne par Sarah M.<\/strong><br \/>\n\u00e0 partir d\u2019entretiens, de souvenirs et de r\u00eaves inachev\u00e9s.<br \/>\nDramaturgie : <strong>Zelda Bourquin<\/strong><br \/>\nCr\u00e9ation lumi\u00e8re et r\u00e9gie g\u00e9n\u00e9rale : <strong>Antoine Duris<\/strong><br \/>\nCr\u00e9ation sonore : <strong>Martin Poncet<\/strong> | Enregistrement des voix : <strong>Axel Nouveau<\/strong><br \/>\nSurtitrage : <strong>Benjamin Cognet<\/strong><br \/>\nConstruction d\u00e9cor : <strong>Margaux Michel<\/strong><br \/>\nAvec : <strong>Gabriel Acremant, Anna Jacob, Jean Joude, Adil Laboudi, Amdi Mansour, Th\u00e9odora Sadek<\/strong><br \/>\nEt les voix de <strong>Sylvie Debrun, Fran\u00e7oise Lepoix.<\/strong><br \/>\nProduction &amp; diffusion : <strong>\u00c9l\u00e9onore Damoison<\/strong>[\/vc_column_text][vc_separator sep_color=\u00a0\u00bbcolor-uydo\u00a0\u00bb][vc_column_text el_class=\u00a0\u00bbjusti\u00a0\u00bb uncode_shortcode_id=\u00a0\u00bb174459&Prime;]<strong>Production :<\/strong> Compagnie Be\u00efna | <strong>Coproduction :<\/strong> Th\u00e9\u00e2tre Paris-Villette<br \/>\n<strong>Soutiens :<\/strong> Beaumarchais-SACD, ARTCENA, la SPEDIDAM, soci\u00e9t\u00e9 de perception et de distribution g\u00e9rant les droits des artistes interpr\u00e8tes, avec le soutien de la Direction r\u00e9gionale des affaires culturelles d&rsquo;\u00cele-de-France &#8211; Minist\u00e8re de la Culture<br \/>\n<strong>Accueil en r\u00e9sidence :<\/strong> Th\u00e9\u00e2tre l\u2019\u00c9changeur et Grand Parquet, maison d\u2019artistes du Th\u00e9\u00e2tre Paris-Villette.<\/p>\n<p>Ce texte est laur\u00e9at de l\u2019aide \u00e0 l\u2019\u00e9criture de l\u2019association Beaumarchais-SACD de l\u2019aide \u00e0 la cr\u00e9ation de textes dramatiques ARTCENA<\/p>\n<p>\u00a9 Filipe Roque (pour la photo)[\/vc_column_text][\/vc_column][vc_column column_width_percent=\u00a0\u00bb100&Prime; align_horizontal=\u00a0\u00bbalign_center\u00a0\u00bb gutter_size=\u00a0\u00bb3&Prime; override_padding=\u00a0\u00bbyes\u00a0\u00bb column_padding=\u00a0\u00bb2&Prime; back_color=\u00a0\u00bbcolor-gyho\u00a0\u00bb overlay_alpha=\u00a0\u00bb50&Prime; shift_x=\u00a0\u00bb0&Prime; shift_y=\u00a0\u00bb0&Prime; shift_y_down=\u00a0\u00bb0&Prime; z_index=\u00a0\u00bb0&Prime; medium_width=\u00a0\u00bb0&Prime; mobile_width=\u00a0\u00bb0&Prime; width=\u00a0\u00bb1\/2&Prime; uncode_shortcode_id=\u00a0\u00bb204123&Prime; back_color_type=\u00a0\u00bbuncode-palette\u00a0\u00bb][vc_tabs][vc_tab title=\u00a0\u00bbDATES\u00a0\u00bb tab_id=\u00a0\u00bb1593694331-1-334a7f-f550&Prime;][vc_column_text]<div class=\"mec-wrap mec-skin-list-container  \" id=\"mec_skin_189\">\r\n    \r\n    \r\n        <div class=\"mec-skin-list-events-container\" id=\"mec_skin_events_189\">\r\n        Pas d'\u00e9v\u00e9nement actuellement programm\u00e9.    <\/div>\r\n        \r\n        \r\n<\/div>[\/vc_column_text][\/vc_tab][vc_tab title=\u00a0\u00bbDOSSIER\u00a0\u00bb tab_id=\u00a0\u00bb1593694331-2-874a7f-f550&Prime;][vc_custom_heading heading_semantic=\u00a0\u00bbh4&Prime; text_size=\u00a0\u00bbh4&Prime;]T\u00e9l\u00e9charger[\/vc_custom_heading][vc_button button_color=\u00a0\u00bbaccent\u00a0\u00bb size=\u00a0\u00bbbtn-sm\u00a0\u00bb radius=\u00a0\u00bbbtn-round\u00a0\u00bb hover_fx=\u00a0\u00bboutlined\u00a0\u00bb border_width=\u00a0\u00bb0&Prime; link=\u00a0\u00bburl:https%3A%2F%2Fbureaudesfilles.com%2Fcie-beina-sarah-m%2Fwp-content%2Fuploads%2Fsites%2F10%2F2023%2F01%2FDOSSIER-DIFF-NOTRE-SANG-2023.pdf|target:_blank\u00a0\u00bb button_color_type=\u00a0\u00bbuncode-palette\u00a0\u00bb uncode_shortcode_id=\u00a0\u00bb325469&Prime;]Dossier du Spectacle[\/vc_button][\/vc_tab][\/vc_tabs][vc_gallery el_id=\u00a0\u00bbgallery-176468&Prime; type=\u00a0\u00bbcarousel\u00a0\u00bb random=\u00a0\u00bbyes\u00a0\u00bb medias=\u00a0\u00bb447,448,449,450,451,452,453,454,455,456,457,458&Prime; carousel_lg=\u00a0\u00bb3&Prime; carousel_md=\u00a0\u00bb2&Prime; carousel_sm=\u00a0\u00bb1&Prime; thumb_size=\u00a0\u00bbfour-three\u00a0\u00bb gutter_size=\u00a0\u00bb0&Prime; carousel_interval=\u00a0\u00bb3000&Prime; carousel_navspeed=\u00a0\u00bb400&Prime; carousel_loop=\u00a0\u00bbyes\u00a0\u00bb carousel_nav=\u00a0\u00bbyes\u00a0\u00bb stage_padding=\u00a0\u00bb0&Prime; single_back_color=\u00a0\u00bbcolor-jevc\u00a0\u00bb single_overlay_opacity=\u00a0\u00bb37&Prime; single_padding=\u00a0\u00bb0&Prime; uncode_shortcode_id=\u00a0\u00bb582941&Prime;][vc_single_image media=\u00a0\u00bb587&Prime; media_width_percent=\u00a0\u00bb100&Prime; uncode_shortcode_id=\u00a0\u00bb103143&Prime;][\/vc_column][\/vc_row]<\/p>\n<\/div>","protected":false},"excerpt":{"rendered":"<p>texte et mise en sc\u00e8ne Sarah M.<\/p>\n","protected":false},"author":1,"featured_media":445,"parent":0,"menu_order":11,"comment_status":"closed","ping_status":"open","template":"","meta":{"footnotes":"","_links_to":"","_links_to_target":""},"portfolio_category":[],"class_list":["post-443","portfolio","type-portfolio","status-publish","has-post-thumbnail","hentry"],"_links":{"self":[{"href":"https:\/\/bureaudesfilles.com\/cie-beina-sarah-m\/wp-json\/wp\/v2\/portfolio\/443","targetHints":{"allow":["GET"]}}],"collection":[{"href":"https:\/\/bureaudesfilles.com\/cie-beina-sarah-m\/wp-json\/wp\/v2\/portfolio"}],"about":[{"href":"https:\/\/bureaudesfilles.com\/cie-beina-sarah-m\/wp-json\/wp\/v2\/types\/portfolio"}],"author":[{"embeddable":true,"href":"https:\/\/bureaudesfilles.com\/cie-beina-sarah-m\/wp-json\/wp\/v2\/users\/1"}],"replies":[{"embeddable":true,"href":"https:\/\/bureaudesfilles.com\/cie-beina-sarah-m\/wp-json\/wp\/v2\/comments?post=443"}],"version-history":[{"count":13,"href":"https:\/\/bureaudesfilles.com\/cie-beina-sarah-m\/wp-json\/wp\/v2\/portfolio\/443\/revisions"}],"predecessor-version":[{"id":588,"href":"https:\/\/bureaudesfilles.com\/cie-beina-sarah-m\/wp-json\/wp\/v2\/portfolio\/443\/revisions\/588"}],"wp:featuredmedia":[{"embeddable":true,"href":"https:\/\/bureaudesfilles.com\/cie-beina-sarah-m\/wp-json\/wp\/v2\/media\/445"}],"wp:attachment":[{"href":"https:\/\/bureaudesfilles.com\/cie-beina-sarah-m\/wp-json\/wp\/v2\/media?parent=443"}],"wp:term":[{"taxonomy":"portfolio_category","embeddable":true,"href":"https:\/\/bureaudesfilles.com\/cie-beina-sarah-m\/wp-json\/wp\/v2\/portfolio_category?post=443"}],"curies":[{"name":"wp","href":"https:\/\/api.w.org\/{rel}","templated":true}]}}

<div class="wpb-content-wrapper"><p>[vc_row unlock_row_content= »yes » row_height_percent= »50&Prime; override_padding= »yes » h_padding= »0&Prime; top_padding= »0&Prime; bottom_padding= »0&Prime; overlay_alpha= »50&Prime; equal_height= »yes » gutter_size= »4&Prime; column_width_percent= »100&Prime; shift_y= »0&Prime; z_index= »0&Prime; uncode_shortcode_id= »982596&Prime;][vc_column column_width_percent= »100&Prime; gutter_size= »3&Prime; override_padding= »yes » column_padding= »2&Prime; overlay_alpha= »50&Prime; shift_x= »0&Prime; shift_y= »0&Prime; shift_y_down= »0&Prime; z_index= »0&Prime; medium_width= »0&Prime; mobile_width= »0&Prime; width= »1/2&Prime; uncode_shortcode_id= »145095&Prime;][vc_column_text el_class= »justi » uncode_shortcode_id= »150647&Prime;]</p>
<p style="text-align: left;"><strong>CRÉATION / 2020</strong></p>
<p>C’est le récit d’une initiation : celle d’une jeune journaliste, Salwa, désertant sa vie parisienne pour couvrir les soulèvements en Tunisie connus sous le nom de  « révolution de jasmin ».<br />
Happée par le désir d&rsquo;être au coeur de l&rsquo;Histoire, elle se lie à de jeunes militant.e.s et découvre la violence du cadre dans lequel on voudrait les maintenir.<br />
Elle écrit, interroge, photographie, publie pour créer un pont entre ses deux pays.<br />
Son travail journalistique va rapidement s’ouvrir, à son insu, sur une quête plus personnelle, celle d’un héritage perdu. Son père meurt. Elle accompagne la transformation du pays dans lequel il est né.</p>
<p>À quel engagement mène la mise en récit du monde ?</p>
<p>« L’écriture de ce spectacle répond à la nécessité de se saisir de cette question : À quel engagement mène la mise en récit du monde ? Elle est au cœur de l’écriture. Au cœur de la fable, aussi.</p>
<p>Le travail d’écriture a engagé de nombreuses rencontres en France et en Tunisie : des journalistes, des chercheurs, des étudiants, des militants de différentes régions, de différents milieux.</p>
<p>Il s’agissait de recueillir les débats qui animaient alors les militants au sein des syndicats et de chercher, dans la vague révolutionnaire, des histoires singulières. Si les manifestants de la capitale et des régions déshéritées de Kasserine ou Gafsa scandaient les mêmes slogans, tous n’étaient pas en prise avec les mêmes enjeux.</p>
<p>Mais au-delà du travail de recherches, le propos de la pièce n’est pas de restituer des événements, mais de reprendre le souffle, l’énergie transformatrice qui s’est emparée de tout un pays pour nous redonner des puissances ici, aujourd’hui. »</p>
<p style="text-align: right;">Sarah M.</p>
<p><em>Après Du sable et des Playmobil® &#8211; fragment d’une guerre d’Algérie, Notre sang n’a pas l’odeur du jasmin est le deuxième volet d’un cycle de recherche initié par Sarah M. et sa compagnie sur la rencontre entre nos histoires singulières et la grande Histoire de part et d’autre de la Méditerranée.</em>[/vc_column_text][vc_column_text el_class= »justi » uncode_shortcode_id= »137767&Prime;]</p>
<p class="p1"><strong>Une création écrite et mise en scène par Sarah M.</strong><br />
à partir d’entretiens, de souvenirs et de rêves inachevés.<br />
Dramaturgie : <strong>Zelda Bourquin</strong><br />
Création lumière et régie générale : <strong>Antoine Duris</strong><br />
Création sonore : <strong>Martin Poncet</strong> | Enregistrement des voix : <strong>Axel Nouveau</strong><br />
Surtitrage : <strong>Benjamin Cognet</strong><br />
Construction décor : <strong>Margaux Michel</strong><br />
Avec : <strong>Gabriel Acremant, Anna Jacob, Jean Joude, Adil Laboudi, Amdi Mansour, Théodora Sadek</strong><br />
Et les voix de <strong>Sylvie Debrun, Françoise Lepoix.</strong><br />
Production &amp; diffusion : <strong>Éléonore Damoison</strong>[/vc_column_text][vc_separator sep_color= »color-uydo »][vc_column_text el_class= »justi » uncode_shortcode_id= »174459&Prime;]<strong>Production :</strong> Compagnie Beïna | <strong>Coproduction :</strong> Théâtre Paris-Villette<br />
<strong>Soutiens :</strong> Beaumarchais-SACD, ARTCENA, la SPEDIDAM, société de perception et de distribution gérant les droits des artistes interprètes, avec le soutien de la Direction régionale des affaires culturelles d&rsquo;Île-de-France &#8211; Ministère de la Culture<br />
<strong>Accueil en résidence :</strong> Théâtre l’Échangeur et Grand Parquet, maison d’artistes du Théâtre Paris-Villette.</p>
<p>Ce texte est lauréat de l’aide à l’écriture de l’association Beaumarchais-SACD de l’aide à la création de textes dramatiques ARTCENA</p>
<p>© Filipe Roque (pour la photo)[/vc_column_text][/vc_column][vc_column column_width_percent= »100&Prime; align_horizontal= »align_center » gutter_size= »3&Prime; override_padding= »yes » column_padding= »2&Prime; back_color= »color-gyho » overlay_alpha= »50&Prime; shift_x= »0&Prime; shift_y= »0&Prime; shift_y_down= »0&Prime; z_index= »0&Prime; medium_width= »0&Prime; mobile_width= »0&Prime; width= »1/2&Prime; uncode_shortcode_id= »204123&Prime; back_color_type= »uncode-palette »][vc_tabs][vc_tab title= »DATES » tab_id= »1593694331-1-334a7f-f550&Prime;][vc_column_text]<div class="mec-wrap mec-skin-list-container  " id="mec_skin_189">
    
    
        <div class="mec-skin-list-events-container" id="mec_skin_events_189">
        Pas d'événement actuellement programmé.    </div>
        
        
</div>[/vc_column_text][/vc_tab][vc_tab title= »DOSSIER » tab_id= »1593694331-2-874a7f-f550&Prime;][vc_custom_heading heading_semantic= »h4&Prime; text_size= »h4&Prime;]Télécharger[/vc_custom_heading][vc_button button_color= »accent » size= »btn-sm » radius= »btn-round » hover_fx= »outlined » border_width= »0&Prime; link= »url:https%3A%2F%2Fbureaudesfilles.com%2Fcie-beina-sarah-m%2Fwp-content%2Fuploads%2Fsites%2F10%2F2023%2F01%2FDOSSIER-DIFF-NOTRE-SANG-2023.pdf|target:_blank » button_color_type= »uncode-palette » uncode_shortcode_id= »325469&Prime;]Dossier du Spectacle[/vc_button][/vc_tab][/vc_tabs][vc_gallery el_id= »gallery-176468&Prime; type= »carousel » random= »yes » medias= »447,448,449,450,451,452,453,454,455,456,457,458&Prime; carousel_lg= »3&Prime; carousel_md= »2&Prime; carousel_sm= »1&Prime; thumb_size= »four-three » gutter_size= »0&Prime; carousel_interval= »3000&Prime; carousel_navspeed= »400&Prime; carousel_loop= »yes » carousel_nav= »yes » stage_padding= »0&Prime; single_back_color= »color-jevc » single_overlay_opacity= »37&Prime; single_padding= »0&Prime; uncode_shortcode_id= »582941&Prime;][vc_single_image media= »587&Prime; media_width_percent= »100&Prime; uncode_shortcode_id= »103143&Prime;][/vc_column][/vc_row]</p>
</div>

<p>texte et mise en scène Sarah M.</p>
